
What is the hundred thousands digit of 388578?
3
What is the ten thousands digit of 485243?
8
What is the thousands digit of 133746?
3
What is the hundreds digit of 1902955?
9
What is the hundreds digit of 2722292?
2
What is the units digit of 3677464?
4
What is the tens digit of 835764?
6
What is the units digit of 493669?
9
What is the ten thousands digit of 426393?
2
What is the hundreds digit of 4280656?
6
What is the units digit of 955385?
5
What is the units digit of 1218299?
9
What is the units digit of 24493198?
8
What is the ten thousands digit of 80943?
8
What is the hundreds digit of 405144?
1
What is the hundred thousands digit of 523446?
5
What is the tens digit of 158723?
2
What is the hundreds digit of 21670469?
4
What is the hundred thousands digit of 1006140?
0
What is the hundred thousands digit of 1204250?
2
What is the ten thousands digit of 76883?
7
What is the ten thousands digit of 659587?
5
What is the hundreds digit of 809210?
2
What is the thousands digit of 1141727?
1
What is the hundreds digit of 888486?
4
What is the thousands digit of 395741?
5
What is the ten thousands digit of 10027634?
2
What is the units digit of 12059053?
3
What is the ten thousands digit of 7081312?
8
What is the tens digit of 1914023?
2
What is the hundred thousands digit of 605803?
6
What is the millions digit of 1767759?
1
What is the millions digit of 12034622?
2
What is the ten thousands digit of 383193?
8
What is the ten thousands digit of 657008?
5
What is the units digit of 247035?
5
What is the units digit of 4428505?
5
What is the ten thousands digit of 391943?
9
What is the millions digit of 2150017?
2
What is the hundred thousands digit of 14534735?
5
What is the thousands digit of 955266?
5
What is the ten thousands digit of 8866846?
6
What is the tens digit of 603971?
7
What is the thousands digit of 580406?
0
What is the millions digit of 8281655?
8
What is the tens digit of 412839?
3
What is the thousands digit of 133431?
3
What is the hundred thousands digit of 163228?
1
What is the units digit of 1234346?
6
What is the thousands digit of 3268453?
8
What is the thousands digit of 303199?
3
What is the thousands digit of 16978?
6
What is the hundreds digit of 2729655?
6
What is the hundred thousands digit of 29304379?
3
What is the hundred thousands digit of 305202?
3
What is the hundred thousands digit of 492237?
4
What is the hundred thousands digit of 119711?
1
What is the ten millions digit of 28915603?
2
What is the units digit of 17038142?
2
What is the hundreds digit of 18304156?
1
What is the units digit of 79786?
6
What is the thousands digit of 321562?
1
What is the hundreds digit of 957687?
6
What is the units digit of 196413?
3
What is the units digit of 101643?
3
What is the thousands digit of 1792715?
2
What is the hundred thousands digit of 197714?
1
What is the hundred thousands digit of 322117?
3
What is the thousands digit of 1067965?
7
What is the tens digit of 6768535?
3
What is the hundred thousands digit of 448233?
4
What is the units digit of 326316?
6
What is the hundreds digit of 5764887?
8
What is the hundred thousands digit of 6981723?
9
What is the hundreds digit of 18535716?
7
What is the thousands digit of 95998?
5
What is the ten thousands digit of 1218248?
1
What is the tens digit of 5419215?
1
What is the thousands digit of 236108?
6
What is the hundred thousands digit of 600648?
6
What is the hundred thousands digit of 264221?
2
What is the units digit of 567615?
5
What is the ten thousands digit of 941476?
4
What is the hundreds digit of 909038?
0
What is the tens digit of 451139?
3
What is the hundred thousands digit of 1569791?
5
What is the tens digit of 103837?
3
What is the hundreds digit of 1783761?
7
What is the tens digit of 436173?
7
What is the ten millions digit of 27775075?
2
What is the units digit of 1347334?
4
What is the tens digit of 138552?
5
What is the millions digit of 2064975?
2
What is the hundreds digit of 37748359?
3
What is the units digit of 6937096?
6
What is the thousands digit of 4805?
4
What is the millions digit of 5495979?
5
What is the tens digit of 156815?
1
What is the units digit of 2400683?
3
What is the ten thousands digit of 866814?
6
What is the units digit of 521525?
5
What is the millions digit of 1113649?
1
What is the tens digit of 10652396?
9
What is the hundred thousands digit of 169820?
1
What is the units digit of 72122?
2
What is the units digit of 16485473?
3
What is the tens digit of 10555876?
7
What is the ten thousands digit of 124331?
2
What is the units digit of 10033952?
2
What is the ten thousands digit of 1863660?
6
What is the tens digit of 32197200?
0
What is the hundreds digit of 2473279?
2
What is the ten millions digit of 11169609?
1
What is the units digit of 239066?
6
What is the thousands digit of 1332814?
2
What is the hundreds digit of 233508?
5
What is the millions digit of 11904635?
1
What is the hundreds digit of 3517024?
0
What is the hundreds digit of 25861365?
3
What is the tens digit of 2554754?
5
What is the units digit of 415458?
8
What is the ten thousands digit of 69087?
6
What is the tens digit of 2429594?
9
What is the hundreds digit of 349940?
9
What is the hundreds digit of 334700?
7
What is the hundreds digit of 1034732?
7
What is the thousands digit of 175197?
5
What is the hundreds digit of 3653079?
0
What is the thousands digit of 664162?
4
What is the hundreds digit of 2447021?
0
What is the units digit of 3598409?
9
What is the hundred thousands digit of 157430?
1
What is the tens digit of 2464082?
8
What is the hundred thousands digit of 559793?
5
What is the hundreds digit of 1628177?
1
What is the ten millions digit of 14451977?
1
What is the thousands digit of 727452?
7
What is the thousands digit of 1664864?
4
What is the hundreds digit of 150920?
9
What is the millions digit of 2522489?
2
What is the thousands digit of 189634?
9
What is the ten thousands digit of 64143?
6
What is the ten thousands digit of 337886?
3
What is the hundreds digit of 16554883?
8
What is the tens digit of 42561?
6
What is the ten thousands digit of 2962893?
6
What is the units digit of 36323?
3
What is the units digit of 1932604?
4
What is the thousands digit of 34423636?
3
What is the units digit of 1792154?
4
What is the thousands digit of 1271152?
1
What is the hundreds digit of 888098?
0
What is the units digit of 7743715?
5
What is the ten thousands digit of 868752?
6
What is the hundreds digit of 1416156?
1
What is the thousands digit of 8376899?
6
What is the thousands digit of 19853?
9
What is the hundred thousands digit of 2441518?
4
What is the ten thousands digit of 369178?
6
What is the thousands digit of 58153?
8
What is the ten thousands digit of 4898639?
9
What is the hundred thousands digit of 2871952?
8
What is the hundreds digit of 13330262?
2
What is the thousands digit of 263686?
3
What is the units digit of 650422?
2
What is the ten thousands digit of 1396180?
9
What is the hundreds digit of 1033186?
1
What is the hundred thousands digit of 2340742?
3
What is the thousands digit of 2150675?
0
What is the units digit of 739353?
3
What is the hundred thousands digit of 31571016?
5
What is the thousands digit of 209050?
9
What is the tens digit of 3609945?
4
What is the millions digit of 8595065?
8
What is the thousands digit of 181054?
1
What is the tens digit of 77773?
7
What is the millions digit of 1927390?
1
What is the hundred thousands digit of 2245590?
2
What is the ten thousands digit of 9689206?
8
What is the units digit of 32336039?
9
What is the tens digit of 1976108?
0
What is the units digit of 2950805?
5
What is the tens digit of 14390337?
3
What is the ten thousands digit of 74687?
7
What is the thousands digit of 319039?
9
What is the tens digit of 225456?
5
What is the tens digit of 91263?
6
What is the hundreds digit of 1256150?
1
What is the thousands digit of 3836312?
6
What is the thousands digit of 9524175?
4
What is the ten thousands digit of 3437172?
3
What is the tens digit of 88250?
5
What is the hundred thousands digit of 228621?
2
What is the units digit of 391044?
4
What is the hundred thousands digit of 175103?
1
What is the hundred thousands digit of 1507372?
5
Wha